{"id":380,"date":"2021-06-28T10:01:53","date_gmt":"2021-06-28T10:01:53","guid":{"rendered":"https:\/\/fjardarbon.com\/heim\/"},"modified":"2024-07-22T15:03:51","modified_gmt":"2024-07-22T15:03:51","slug":"heim","status":"publish","type":"page","link":"https:\/\/fjardarbon.com\/is\/","title":{"rendered":"Heim"},"content":{"rendered":"<div class=\"wpb-content-wrapper\"><p>[vc_row][vc_column]\n            <div class=\"theme-component-header-subheader aligncenter\">\n                <h2 class=\"theme-component-header-subheader-header theme-header-underline\">Hva\u00f0 er Fjar\u00f0arb\u00f3n<\/h2>\n                <div class=\"theme-component-header-subheader-subheader\">B\u00edla\u00fevotta \u00fej\u00f3nusta<\/div>\n            <\/div>\n        [\/vc_column][\/vc_row][vc_row as_padding_top=&#8220;theme-padding-top-5&#8243; as_padding_bottom=&#8220;theme-padding-bottom-4&#8243;][vc_column width=&#8220;1\/3&#8243;][vc_single_image image=&#8220;52&#8243; img_size=&#8220;full&#8220;][\/vc_column][vc_column width=&#8220;2\/3&#8243;][vc_column_text]Fjar\u00f0arb\u00f3n skilar af s\u00e9r h\u00e1g\u00e6\u00f0um, me\u00f0 h\u00f3pi af f\u00f3lki sem leggur al\u00fa\u00f0 \u00ed st\u00f6rf s\u00edn og ber vir\u00f0ingu fyrir eign \u00feinni og t\u00edma. Vi\u00f0 fylgjum h\u00e6\u00f0stu kr\u00f6fum \u00ed faginu og notum eing\u00f6ngu umhverfisv\u00e6n efni.<\/p>\n<p class=\"content-style white\">Til \u00deess a\u00f0 vi\u00f0halda \u00feessum g\u00e6\u00f0um fer starfsf\u00f3lki\u00f0 okkar reglulega \u00e1 n\u00e1mskei\u00f0 \u00ed \u00ferifum og \u00ed me\u00f0h\u00f6ndlun \u00feeirra efna sem notu\u00f0 eru.<\/p>\n<p>[\/vc_column_text][vc_row_inner as_padding_top=&#8220;theme-padding-top-3&#8243;][vc_column_inner width=&#8220;1\/2&#8243;]\n            <div class=\"theme-component-feature theme-component-feature-icon-position-top-left theme-margin-bottom-0\">\n                <span class=\"theme-icon-feature-water-drop\"><\/span>\n                <h5>Besti b\u00edla\u00fevotturinn<\/h5><div><ul class=\"theme-component-list\">\n<li>Vi\u00f0 bj\u00f3\u00f0um upp \u00e1 fj\u00f6lbreytta \u00fej\u00f3nustu \u00e1 g\u00f3\u00f0u ver\u00f0i<\/li>\n<li>Ni\u00f0urbrj\u00f3tanleg og umhverfisv\u00e6n efni<\/li>\n<li>H\u00e6fileikar\u00edkt og vel\u00fej\u00e1lfa\u00f0 starfsf\u00f3lk<\/li>\n<li>G\u00f3\u00f0 og a\u00f0gengileg sta\u00f0setning<\/li>\n<li>Fastavi\u00f0skipta afsl\u00e1ttur<\/li>\n<\/ul>\n<\/div>\n            <\/div>\n        [\/vc_column_inner][vc_column_inner width=&#8220;1\/2&#8243;]\n            <div class=\"theme-component-feature theme-component-feature-icon-position-top-left theme-margin-bottom-0\">\n                <span class=\"theme-icon-feature-vacuum-cleaner\"><\/span>\n                <h5>\u00dej\u00f3nustan sem er \u00ed bo\u00f0i<\/h5><div><ul class=\"theme-component-list\">\n<li>\u00devottur a\u00f0 utan<\/li>\n<li>\u00devottur a\u00f0 innan<\/li>\n<li>Dj\u00faphreinsun<\/li>\n<li>Almenn \u00ferif<\/li>\n<li>og fleira<\/li>\n<\/ul>\n<\/div>\n            <\/div>\n        [\/vc_column_inner][\/vc_row_inner][\/vc_column][\/vc_row][vc_row full_width=&#8220;stretch_row&#8220; as_padding_top=&#8220;theme-padding-top-5&#8243;][vc_column as_margin_bottom=&#8220;theme-margin-bottom-5&#8243;]\n            <div class=\"theme-component-call-to-action\">\n                <h3 class=\"theme-component-call-to-action-header\">Ef \u00feetta hlj\u00f3mar eins og \u00fej\u00f3nusta fyrir b\u00edlinn \u00feinn \u00fe\u00e1 endilega komdu vi\u00f0 \u00ed dag og vertu hluti af Fjar\u00f0arb\u00f3n fj\u00f6lskyldunni.<\/h3>\n                \r\n            <div class=\"theme-component-button left theme-component-call-to-action-button\">\r\n                <a href=\"https:\/\/noona.is\/fjardarbon\" target=\"_blank\"  class=\"theme-button theme-button-1\">\r\n                    B\u00f3ka N\u00fana\r\n                <\/a>\r\n            <\/div>\r\n        \n            <\/div>\n        [\/vc_column][\/vc_row][vc_row full_width=&#8220;stretch_row&#8220; as_padding_bottom=&#8220;theme-padding-bottom-3&#8243; el_class=&#8220;theme-background-attachment-fixed&#8220; css=&#8220;.vc_custom_1621285515870{background-image: url(https:\/\/fjardarbon.com\/wp-content\/uploads\/2021\/05\/5.jpg?id=58) !important;}&#8220;][vc_column]\n            <div class=\"theme-component-header-subheader aligncenter theme-section-white\">\n                <h2 class=\"theme-component-header-subheader-header theme-header-underline\">B\u00f3ka\u00f0u t\u00edma<\/h2>\n                <div class=\"theme-component-header-subheader-subheader\">Vi\u00f0 vitum a\u00f0 t\u00edminn \u00feinn er ver\u00f0m\u00e6ttur<\/div>\n            <\/div>\n        \n            <div class=\"theme-component-process-list theme-clear-fix theme-section-white\" data-responsive-mode=\"1\">\n                <ul class=\"theme-clear-fix\">\n                    \r\n            <li>\r\n                <div>\r\n                    <span class=\"theme-icon-feature-car-checklist\"><\/span>\r\n                    <h5>1. B\u00f3kun<\/h5>\r\n                    <span class=\"theme-icon-meta-arrow-large-rl\"><\/span>\r\n                <\/div>\r\n            <\/li>\r\n        \r\n            <li>\r\n                <div>\r\n                    <span class=\"theme-icon-feature-clock\"><\/span>\r\n                    <h5>2. Komdu me\u00f0 b\u00edlinn<\/h5>\r\n                    <span class=\"theme-icon-meta-arrow-large-rl\"><\/span>\r\n                <\/div>\r\n            <\/li>\r\n        \r\n            <li>\r\n                <div>\r\n                    <span class=\"theme-icon-feature-vacuum-cleaner\"><\/span>\r\n                    <h5>3. \u00derif<\/h5>\r\n                    <span class=\"theme-icon-meta-arrow-large-rl\"><\/span>\r\n                <\/div>\r\n            <\/li>\r\n        \r\n            <li>\r\n                <div>\r\n                    <span class=\"theme-icon-feature-payment\"><\/span>\r\n                    <h5>4. N\u00e1 \u00ed og borga<\/h5>\r\n                    <span class=\"theme-icon-meta-arrow-large-rl\"><\/span>\r\n                <\/div>\r\n            <\/li>\r\n        \n                <\/ul>\n            <\/div>\n        [\/vc_column][\/vc_row][vc_row][vc_column]\n            <div class=\"theme-component-header-subheader aligncenter\">\n                <h2 class=\"theme-component-header-subheader-header theme-header-underline\">\u00devottapakkar<\/h2>\n                <div class=\"theme-component-header-subheader-subheader\">Hva\u00f0 hentar best fyrir bifrei\u00f0ina?<\/div>\n            <\/div>\n        [\/vc_column][\/vc_row][vc_row full_width=&#8220;stretch_row_content_no_spaces&#8220; equal_height=&#8220;yes&#8220; content_placement=&#8220;top&#8220; as_padding_top=&#8220;theme-padding-top-5&#8243;][vc_column width=&#8220;1\/2&#8243; as_margin_bottom=&#8220;theme-margin-bottom-5&#8243; as_padding_inner=&#8220;theme-padding-1&#8243;]\n            <div class=\"theme-component-header-subheader aligncenter\">\n                <h2 class=\"theme-component-header-subheader-header theme-header-underline\">Vitnisbur\u00f0ur<\/h2>\n                <div class=\"theme-component-header-subheader-subheader\">Vi\u00f0skiptavinir elskar \u00fej\u00f3nustuna<\/div>\n            <\/div>\n        [vc_empty_space height=&#8220;30px&#8220;]\n            <div class=\"theme-component-testimonial-list\" data-carousel_auto_play_enable=\"1\" data-carousel_auto_timeout_duration=\"6000\" data-carousel_circular_enable=\"1\" data-carousel_infinite_enable=\"1\" data-carousel_scroll_pause_hover_enable=\"1\" data-carousel_direction=\"left\" data-carousel_scroll_fx=\"fade\" data-carousel_scroll_easing=\"swing\" data-carousel_scroll_duration=\"300\">\n                <ul>\n                    \n            <li>\n                <p>I just got a deluxe wash package and interior shampoo and was blown away by the quality and detail of the service. I couldn&#039;t be happier and have recommend friends and family members to stop by for the best hand car wash in Reykjav\u00edk.<\/p>\n                <div>\n                    <h6>Dotti Newman<\/h6><span>Audi Q5<\/span>\n                <\/div>\n            <\/li>\n        \n            <li>\n                <p>I think Fjar\u00f0arb\u00f3n is the best car washers ever. Love the price, convenience and customer service. When I have time and want to vacuum myself, it is easy and cheap. They provide towels and spray to wash the windows and I wash my dash. Thanks so much.<\/p>\n                <div>\n                    <h6>David Magnus<\/h6><span>Nissan Titan X5<\/span>\n                <\/div>\n            <\/li>\n        \n            <li>\n                <p>I just got a deluxe wash package and interior shampoo and was blown away by the quality and detail of the service. I couldn&#039;t be happier and have recommend friends and family members to stop by for the best hand car wash in Reykjav\u00edk..<\/p>\n                <div>\n                    <h6>Dotti Newman<\/h6><span>Audi Q5<\/span>\n                <\/div>\n            <\/li>\n        \n                <\/ul>\n                <div class=\"theme-component-testimonial-list-navigation\">\n\t\t\t\t\t<a href=\"#\" class=\"theme-component-testimonial-list-navigation-left theme-icon-meta-arrow-large-rl\"><\/a>\n\t\t\t\t\t<span class=\"theme-component-testimonial-list-navigation-center theme-icon-feature-testimonials\"><\/span>\n\t\t\t\t\t<a href=\"#\" class=\"theme-component-testimonial-list-navigation-right theme-icon-meta-arrow-large-rl\"><\/a>\n\t\t\t\t<\/div>\n            <\/div>\n        [\/vc_column][vc_column width=&#8220;1\/2&#8243; as_margin_bottom=&#8220;theme-margin-bottom-5&#8243; as_padding_inner=&#8220;theme-padding-1&#8243; css=&#8220;.vc_custom_1621287696585{background-image: url(https:\/\/fjardarbon.com\/wp-content\/uploads\/2021\/05\/2.jpg?id=71) !important;background-position: center !important;background-repeat: no-repeat !important;background-size: cover !important;}&#8220;]\n            <div class=\"theme-component-header-subheader aligncenter theme-section-white\">\n                <h2 class=\"theme-component-header-subheader-header theme-header-underline\">Latest offers<\/h2>\n                <div class=\"theme-component-header-subheader-subheader\">Besta tilbo\u00f0i\u00f0 \u00ed b\u00e6num<\/div>\n            <\/div>\n        [\/vc_column][\/vc_row][vc_row as_padding_bottom=&#8220;theme-padding-bottom-3&#8243; el_class=&#8220;theme-section-space-top-1 theme-section-space-bottom-2&#8243;][vc_column width=&#8220;1\/3&#8243;]\n            <div class=\"theme-component-feature theme-component-feature-icon-position-left-top\">\n                <span class=\"theme-icon-feature-phone-circle\"><\/span>\n                <h5>Hringdu n\u00fana<\/h5><div><p>(+354) 766 8800<\/p>\n<\/div>\n            <\/div>\n        [\/vc_column][vc_column width=&#8220;1\/3&#8243;]\n            <div class=\"theme-component-feature theme-component-feature-icon-position-left-top\">\n                <span class=\"theme-icon-feature-location-map\"><\/span>\n                <h5>Sta\u00f0settning<\/h5><div><p>Helluhraun 20<br \/>\n220, Hafnarfj\u00f6r\u00f0ur<\/p>\n<\/div>\n            <\/div>\n        [\/vc_column][vc_column width=&#8220;1\/3&#8243;]\n            <div class=\"theme-component-feature theme-component-feature-icon-position-left-top\">\n                <span class=\"theme-icon-feature-clock\"><\/span>\n                <h5>Opnunat\u00edmi<\/h5><div><p>M\u00e1nudag &#8211; Laugardag: 08 &#8211; 18<\/p>\n<\/div>\n            <\/div>\n        [\/vc_column][\/vc_row]<\/p>\n<\/div>","protected":false},"excerpt":{"rendered":"<p>[vc_row][vc_column][\/vc_column][\/vc_row][vc_row as_padding_top=&#8220;theme-padding-top-5&#8243; as_padding_bottom=&#8220;theme-padding-bottom-4&#8243;][vc_column width=&#8220;1\/3&#8243;][vc_single_image image=&#8220;52&#8243; img_size=&#8220;full&#8220;][\/vc_column][vc_column width=&#8220;2\/3&#8243;][vc_column_text]Fjar\u00f0arb\u00f3n skilar af s\u00e9r h\u00e1g\u00e6\u00f0um, me\u00f0 h\u00f3pi af f\u00f3lki sem leggur al\u00fa\u00f0 \u00ed st\u00f6rf s\u00edn og ber vir\u00f0ingu fyrir eign \u00feinni og t\u00edma. Vi\u00f0 fylgjum h\u00e6\u00f0stu kr\u00f6fum \u00ed faginu og notum eing\u00f6ngu umhverfisv\u00e6n efni. Til \u00deess a\u00f0 vi\u00f0halda \u00feessum g\u00e6\u00f0um fer starfsf\u00f3lki\u00f0 okkar reglulega \u00e1 n\u00e1mskei\u00f0 \u00ed \u00ferifum og&hellip;<\/p>\n","protected":false},"author":1,"featured_media":0,"parent":0,"menu_order":0,"comment_status":"closed","ping_status":"closed","template":"page.php","meta":{"footnotes":""},"class_list":["post-380","page","type-page","status-publish","hentry"],"_links":{"self":[{"href":"https:\/\/fjardarbon.com\/is\/wp-json\/wp\/v2\/pages\/380","targetHints":{"allow":["GET"]}}],"collection":[{"href":"https:\/\/fjardarbon.com\/is\/wp-json\/wp\/v2\/pages"}],"about":[{"href":"https:\/\/fjardarbon.com\/is\/wp-json\/wp\/v2\/types\/page"}],"author":[{"embeddable":true,"href":"https:\/\/fjardarbon.com\/is\/wp-json\/wp\/v2\/users\/1"}],"replies":[{"embeddable":true,"href":"https:\/\/fjardarbon.com\/is\/wp-json\/wp\/v2\/comments?post=380"}],"version-history":[{"count":9,"href":"https:\/\/fjardarbon.com\/is\/wp-json\/wp\/v2\/pages\/380\/revisions"}],"predecessor-version":[{"id":900,"href":"https:\/\/fjardarbon.com\/is\/wp-json\/wp\/v2\/pages\/380\/revisions\/900"}],"wp:attachment":[{"href":"https:\/\/fjardarbon.com\/is\/wp-json\/wp\/v2\/media?parent=380"}],"curies":[{"name":"wp","href":"https:\/\/api.w.org\/{rel}","templated":true}]}}

<div class="wpb-content-wrapper"><p>[vc_row][vc_column]
            <div class="theme-component-header-subheader aligncenter">
                <h2 class="theme-component-header-subheader-header theme-header-underline">Hvað er Fjarðarbón</h2>
                <div class="theme-component-header-subheader-subheader">Bílaþvotta þjónusta</div>
            </div>
        [/vc_column][/vc_row][vc_row as_padding_top=&#8220;theme-padding-top-5&#8243; as_padding_bottom=&#8220;theme-padding-bottom-4&#8243;][vc_column width=&#8220;1/3&#8243;][vc_single_image image=&#8220;52&#8243; img_size=&#8220;full&#8220;][/vc_column][vc_column width=&#8220;2/3&#8243;][vc_column_text]Fjarðarbón skilar af sér hágæðum, með hópi af fólki sem leggur alúð í störf sín og ber virðingu fyrir eign þinni og tíma. Við fylgjum hæðstu kröfum í faginu og notum eingöngu umhverfisvæn efni.</p>
<p class="content-style white">Til Þess að viðhalda þessum gæðum fer starfsfólkið okkar reglulega á námskeið í þrifum og í meðhöndlun þeirra efna sem notuð eru.</p>
<p>[/vc_column_text][vc_row_inner as_padding_top=&#8220;theme-padding-top-3&#8243;][vc_column_inner width=&#8220;1/2&#8243;]
            <div class="theme-component-feature theme-component-feature-icon-position-top-left theme-margin-bottom-0">
                <span class="theme-icon-feature-water-drop"></span>
                <h5>Besti bílaþvotturinn</h5><div><ul class="theme-component-list">
<li>Við bjóðum upp á fjölbreytta þjónustu á góðu verði</li>
<li>Niðurbrjótanleg og umhverfisvæn efni</li>
<li>Hæfileikaríkt og velþjálfað starfsfólk</li>
<li>Góð og aðgengileg staðsetning</li>
<li>Fastaviðskipta afsláttur</li>
</ul>
</div>
            </div>
        [/vc_column_inner][vc_column_inner width=&#8220;1/2&#8243;]
            <div class="theme-component-feature theme-component-feature-icon-position-top-left theme-margin-bottom-0">
                <span class="theme-icon-feature-vacuum-cleaner"></span>
                <h5>Þjónustan sem er í boði</h5><div><ul class="theme-component-list">
<li>Þvottur að utan</li>
<li>Þvottur að innan</li>
<li>Djúphreinsun</li>
<li>Almenn þrif</li>
<li>og fleira</li>
</ul>
</div>
            </div>
        [/vc_column_inner][/vc_row_inner][/vc_column][/vc_row][vc_row full_width=&#8220;stretch_row&#8220; as_padding_top=&#8220;theme-padding-top-5&#8243;][vc_column as_margin_bottom=&#8220;theme-margin-bottom-5&#8243;]
            <div class="theme-component-call-to-action">
                <h3 class="theme-component-call-to-action-header">Ef þetta hljómar eins og þjónusta fyrir bílinn þinn þá endilega komdu við í dag og vertu hluti af Fjarðarbón fjölskyldunni.</h3>
                
            <div class="theme-component-button left theme-component-call-to-action-button">
                <a href="https://noona.is/fjardarbon" target="_blank"  class="theme-button theme-button-1">
                    Bóka Núna
                </a>
            </div>
        
            </div>
        [/vc_column][/vc_row][vc_row full_width=&#8220;stretch_row&#8220; as_padding_bottom=&#8220;theme-padding-bottom-3&#8243; el_class=&#8220;theme-background-attachment-fixed&#8220; css=&#8220;.vc_custom_1621285515870{background-image: url(https://fjardarbon.com/wp-content/uploads/2021/05/5.jpg?id=58) !important;}&#8220;][vc_column]
            <div class="theme-component-header-subheader aligncenter theme-section-white">
                <h2 class="theme-component-header-subheader-header theme-header-underline">Bókaðu tíma</h2>
                <div class="theme-component-header-subheader-subheader">Við vitum að tíminn þinn er verðmættur</div>
            </div>
        
            <div class="theme-component-process-list theme-clear-fix theme-section-white" data-responsive-mode="1">
                <ul class="theme-clear-fix">
                    
            <li>
                <div>
                    <span class="theme-icon-feature-car-checklist"></span>
                    <h5>1. Bókun</h5>
                    <span class="theme-icon-meta-arrow-large-rl"></span>
                </div>
            </li>
        
            <li>
                <div>
                    <span class="theme-icon-feature-clock"></span>
                    <h5>2. Komdu með bílinn</h5>
                    <span class="theme-icon-meta-arrow-large-rl"></span>
                </div>
            </li>
        
            <li>
                <div>
                    <span class="theme-icon-feature-vacuum-cleaner"></span>
                    <h5>3. Þrif</h5>
                    <span class="theme-icon-meta-arrow-large-rl"></span>
                </div>
            </li>
        
            <li>
                <div>
                    <span class="theme-icon-feature-payment"></span>
                    <h5>4. Ná í og borga</h5>
                    <span class="theme-icon-meta-arrow-large-rl"></span>
                </div>
            </li>
        
                </ul>
            </div>
        [/vc_column][/vc_row][vc_row][vc_column]
            <div class="theme-component-header-subheader aligncenter">
                <h2 class="theme-component-header-subheader-header theme-header-underline">Þvottapakkar</h2>
                <div class="theme-component-header-subheader-subheader">Hvað hentar best fyrir bifreiðina?</div>
            </div>
        [/vc_column][/vc_row][vc_row full_width=&#8220;stretch_row_content_no_spaces&#8220; equal_height=&#8220;yes&#8220; content_placement=&#8220;top&#8220; as_padding_top=&#8220;theme-padding-top-5&#8243;][vc_column width=&#8220;1/2&#8243; as_margin_bottom=&#8220;theme-margin-bottom-5&#8243; as_padding_inner=&#8220;theme-padding-1&#8243;]
            <div class="theme-component-header-subheader aligncenter">
                <h2 class="theme-component-header-subheader-header theme-header-underline">Vitnisburður</h2>
                <div class="theme-component-header-subheader-subheader">Viðskiptavinir elskar þjónustuna</div>
            </div>
        [vc_empty_space height=&#8220;30px&#8220;]
            <div class="theme-component-testimonial-list" data-carousel_auto_play_enable="1" data-carousel_auto_timeout_duration="6000" data-carousel_circular_enable="1" data-carousel_infinite_enable="1" data-carousel_scroll_pause_hover_enable="1" data-carousel_direction="left" data-carousel_scroll_fx="fade" data-carousel_scroll_easing="swing" data-carousel_scroll_duration="300">
                <ul>
                    
            <li>
                <p>I just got a deluxe wash package and interior shampoo and was blown away by the quality and detail of the service. I couldn&#039;t be happier and have recommend friends and family members to stop by for the best hand car wash in Reykjavík.</p>
                <div>
                    <h6>Dotti Newman</h6><span>Audi Q5</span>
                </div>
            </li>
        
            <li>
                <p>I think Fjarðarbón is the best car washers ever. Love the price, convenience and customer service. When I have time and want to vacuum myself, it is easy and cheap. They provide towels and spray to wash the windows and I wash my dash. Thanks so much.</p>
                <div>
                    <h6>David Magnus</h6><span>Nissan Titan X5</span>
                </div>
            </li>
        
            <li>
                <p>I just got a deluxe wash package and interior shampoo and was blown away by the quality and detail of the service. I couldn&#039;t be happier and have recommend friends and family members to stop by for the best hand car wash in Reykjavík..</p>
                <div>
                    <h6>Dotti Newman</h6><span>Audi Q5</span>
                </div>
            </li>
        
                </ul>
                <div class="theme-component-testimonial-list-navigation">
					<a href="#" class="theme-component-testimonial-list-navigation-left theme-icon-meta-arrow-large-rl"></a>
					<span class="theme-component-testimonial-list-navigation-center theme-icon-feature-testimonials"></span>
					<a href="#" class="theme-component-testimonial-list-navigation-right theme-icon-meta-arrow-large-rl"></a>
				</div>
            </div>
        [/vc_column][vc_column width=&#8220;1/2&#8243; as_margin_bottom=&#8220;theme-margin-bottom-5&#8243; as_padding_inner=&#8220;theme-padding-1&#8243; css=&#8220;.vc_custom_1621287696585{background-image: url(https://fjardarbon.com/wp-content/uploads/2021/05/2.jpg?id=71) !important;background-position: center !important;background-repeat: no-repeat !important;background-size: cover !important;}&#8220;]
            <div class="theme-component-header-subheader aligncenter theme-section-white">
                <h2 class="theme-component-header-subheader-header theme-header-underline">Latest offers</h2>
                <div class="theme-component-header-subheader-subheader">Besta tilboðið í bænum</div>
            </div>
        [/vc_column][/vc_row][vc_row as_padding_bottom=&#8220;theme-padding-bottom-3&#8243; el_class=&#8220;theme-section-space-top-1 theme-section-space-bottom-2&#8243;][vc_column width=&#8220;1/3&#8243;]
            <div class="theme-component-feature theme-component-feature-icon-position-left-top">
                <span class="theme-icon-feature-phone-circle"></span>
                <h5>Hringdu núna</h5><div><p>(+354) 766 8800</p>
</div>
            </div>
        [/vc_column][vc_column width=&#8220;1/3&#8243;]
            <div class="theme-component-feature theme-component-feature-icon-position-left-top">
                <span class="theme-icon-feature-location-map"></span>
                <h5>Staðsettning</h5><div><p>Helluhraun 20<br />
220, Hafnarfjörður</p>
</div>
            </div>
        [/vc_column][vc_column width=&#8220;1/3&#8243;]
            <div class="theme-component-feature theme-component-feature-icon-position-left-top">
                <span class="theme-icon-feature-clock"></span>
                <h5>Opnunatími</h5><div><p>Mánudag &#8211; Laugardag: 08 &#8211; 18</p>
</div>
            </div>
        [/vc_column][/vc_row]</p>
</div>

<p>[vc_row][vc_column][/vc_column][/vc_row][vc_row as_padding_top=&#8220;theme-padding-top-5&#8243; as_padding_bottom=&#8220;theme-padding-bottom-4&#8243;][vc_column width=&#8220;1/3&#8243;][vc_single_image image=&#8220;52&#8243; img_size=&#8220;full&#8220;][/vc_column][vc_column width=&#8220;2/3&#8243;][vc_column_text]Fjarðarbón skilar af sér hágæðum, með hópi af fólki sem leggur alúð í störf sín og ber virðingu fyrir eign þinni og tíma. Við fylgjum hæðstu kröfum í faginu og notum eingöngu umhverfisvæn efni. Til Þess að viðhalda þessum gæðum fer starfsfólkið okkar reglulega á námskeið í þrifum og&hellip;</p>
